divisor of 48 and 3216.
48
Calculate the highest common divisor of 52 and 286.
26
What is the highest common divisor of 19 and 23294?
19
What is the highest common divisor of 1794 and 78?
78
Calculate the greatest common factor of 52 and 20.
4
What is the highest common factor of 8 and 12?
4
What is the greatest common divisor of 30 and 1515?
15
What is the highest common factor of 352 and 32?
32
Calculate the highest common factor of 48 and 10768.
16
Calculate the highest common factor of 576 and 9.
9
Calculate the greatest common divisor of 147 and 6.
3
What is the highest common divisor of 581 and 1577?
83
Calculate the greatest common divisor of 11814 and 396.
66
What is the highest common divisor of 703 and 57?
19
What is the highest common divisor of 94 and 74?
2
Calculate the greatest common factor of 268 and 1675.
67
Calculate the greatest common factor of 25 and 1175.
25
Calculate the greatest common factor of 150 and 250.
50
What is the highest common divisor of 380 and 9652?
76
What is the highest common divisor of 6519 and 82?
41
Calculate the highest common factor of 416 and 48.
16
Calculate the highest common divisor of 2 and 1244.
2
What is the greatest common divisor of 261 and 18?
9
Calculate the highest common divisor of 338 and 4.
2
Calculate the highest common factor of 1323 and 1809.
27
What is the greatest common divisor of 28 and 966?
14
What is the greatest common divisor of 21 and 861?
21
Calculate the greatest common divisor of 4 and 2470.
2
What is the greatest common divisor of 40 and 1080?
40
What is the greatest common divisor of 35 and 49?
7
Calculate the greatest common factor of 440 and 50.
10
Calculate the highest common divisor of 68 and 4726.
34
What is the highest common divisor of 1763 and 287?
41
What is the greatest common divisor of 558 and 66?
6
Calculate the highest common factor of 247 and 38.
19
Calculate the greatest common factor of 88 and 256.
8
What is the greatest common factor of 532 and 76?
76
Calculate the highest common factor of 5370 and 30.
30
Calculate the highest common divisor of 2 and 9.
1
Calculate the highest common factor of 34 and 1207.
17
Calculate the greatest common factor of 13940 and 1025.
205
What is the highest common factor of 1456 and 2730?
182
Calculate the highest common factor of 48 and 552.
24
What is the greatest common divisor of 52 and 19370?
26
Calculate the highest common factor of 165 and 22.
11
What is the greatest common factor of 39 and 351?
39
Calculate the greatest common factor of 98 and 70.
14
Calculate the highest common factor of 18 and 1458.
18
What is the greatest common factor of 11 and 3685?
11
Calculate the highest common factor of 830 and 10.
10
What is the greatest common divisor of 1562 and 213?
71
What is the greatest common factor of 192 and 348?
12
Calculate the greatest common factor of 194 and 13.
1
What is the greatest common factor of 72 and 60?
12
What is the greatest common divisor of 121 and 715?
11
What is the highest common factor of 21 and 35?
7
Calculate the highest common factor of 15 and 30.
15
What is the highest common factor of 1888 and 32?
32
Calculate the greatest common factor of 3592 and 8.
8
What is the highest common divisor of 48 and 168?
24
What is the greatest common divisor of 80 and 130?
10
What is the greatest common factor of 385 and 935?
55
Calculate the greatest common divisor of 54 and 1.
1
Calculate the greatest common divisor of 1416 and 48.
24
Calculate the highest common factor of 155 and 217.
31
What is the highest common divisor of 2301 and 663?
39
What is the greatest common divisor of 12 and 972?
12
What is the highest common divisor of 374 and 231?
11
Calculate the greatest common divisor of 11 and 594.
11
What is the highest common factor of 35 and 119?
7
What is the greatest common factor of 165 and 99?
33
What is the highest common divisor of 27 and 12?
3
Calculate the highest common divisor of 18 and 206.
2
Calculate the highest common divisor of 5 and 2085.
5
What is the highest common divisor of 147 and 245?
49
What is the highest common divisor of 41 and 1?
1
Calculate the highest common divisor of 20 and 80.
20
Calculate the greatest common factor of 1939 and 14.
7
What is the highest common factor of 275 and 4455?
55
Calculate the greatest common factor of 1584 and 176.
176
What is the highest common factor of 123 and 12?
3
What is the greatest common divisor of 294 and 686?
98
What is the highest common divisor of 16432 and 79?
79
What is the greatest common factor of 86164 and 13?
13
What is the greatest common factor of 1026 and 38?
38
What is the greatest common divisor of 2561 and 39?
13
Calculate the highest common divisor of 128 and 3200.
128
What is the greatest common divisor of 350 and 14?
14
What is the highest common divisor of 15 and 26385?
15
What is the highest common divisor of 1121 and 59?
59
Calculate the greatest common divisor of 162 and 6.
6
What is the highest common factor of 330 and 4125?
165
Calculate the highest common divisor of 340 and 595.
85
Calculate the highest common divisor of 783 and 377.
29
Calculate the greatest common factor of 1098 and 54.
18
Calculate the highest common divisor of 44 and 4400.
44
Calculate the greatest common factor of 630 and 110.
10
Calculate the greatest common factor of 81 and 216.
27
What is the highest common divisor of 324 and 4?
4
What is the greatest common factor of 272 and 306?
34
Calculate the highest common factor of 18063 and 81.
81
What is the highest common divisor of 24 and 64?
8
What is the highest common divisor of 9 and 189?
9
What is the greatest common factor of 10 and 1070?
10
Calculate the highest common divisor of 1526 and 14.
14
What is the greatest common factor of 171 and 703?
19
Calculate the highest common divisor of 16 and 2416.
16
Calculate the highest common divisor of 187 and 28424.
187
Calculate the highest common factor of 3080 and 693.
77
Calculate the greatest common factor of 273 and 63.
21
What is the greatest common divisor of 1620 and 165?
15
What is the greatest common factor of 1100 and 200?
100
Calculate the greatest common factor of 67 and 1.
1
Calculate the highest common factor of 80 and 5104.
16
Calculate the greatest common divisor of 186 and 37014.
186
What is the highest common factor of 23505 and 30?
15
Calculate the highest common factor of 1382 and 4.
2
What is the highest common factor of 464 and 48?
16
Calculate the highest common divisor of 25 and 5.
5
Calculate the greatest common divisor of 55 and 2255.
55
What is the greatest common factor of 2 and 34?
2
What is the highest common divisor of 849 and 16414?
283
What is the highest common factor of 176 and 77?
11
Calculate the greatest common factor of 17010 and 21.
21
Calculate the highest common factor of 21371 and 301.
301
What is the greatest common divisor of 92 and 6463?
23
Calculate the greatest common factor of 91 and 42.
7
What is the highest common divisor of 29484 and 126?
126
What is the greatest common factor of 248 and 2852?
124
What is the greatest common divisor of 52 and 7124?
52
Calculate the greatest common divisor of 14 and 469.
7
What is the highest common divisor of 1521 and 72?
9
What is the highest common divisor of 180 and 288?
36
Calculate the highest common factor of 455 and 13.
13
Calculate the greatest common divisor of 272 and 2656.
16
Calculate the greatest common factor of 39 and 5785.
13
What is the greatest common divisor of 126 and 84?
42
What is the greatest common factor of 22 and 5742?
22
Calculate the highest common divisor of 567 and 21.
21
What is the highest common factor of 306 and 29784?
102
Calculate the highest common factor of 1287 and 299.
13
What is the greatest common divisor of 15828 and 24?
12
Calculate the highest common divisor of 50 and 16850.
50
What is the greatest common factor of 532 and 84?
28
Calculate the highest common factor of 33 and 7557.
33
What is the highest common factor of 5452 and 94?
94
Calculate the greatest common factor of 8 and 524.
4
What is the highest common factor of 4 and 356?
4
Calculate the greatest common factor of 984 and 48.
24
What is the greatest common factor of 3992 and 8?
8
What is the highest common factor of 692 and 24?
4
What is th